001101010010000101 + 1001?
1001101010010001110
In base 2, what is -110111101110000101111 + 1010110001?
-110111101100101111110
In base 4, what is -2 + 2302321213102?
2302321213100
In base 10, what is 716698 + 0?
716698
In base 12, what is -1 - -84916784?
84916783
In base 15, what is 2bb + -1808?
-153c
In base 14, what is -58 - 3613?
-366b
In base 11, what is 3a1 + 43999?
4428a
In base 15, what is 1 + -44d2203?
-44d2202
In base 9, what is -661047 - -28?
-661018
In base 2, what is 10111011011111000011 + 100110?
10111011011111101001
In base 11, what is -63 + -374700?
-374763
In base 16, what is 89 + 2a47c?
2a505
In base 16, what is 9044 + 699?
96dd
In base 15, what is 18889 + -44?
18845
In base 10, what is -101 - 251629?
-251730
In base 6, what is -410340210 + -5?
-410340215
In base 8, what is 1 + 4101344?
4101345
In base 6, what is 202 + 2032325?
2032531
In base 9, what is 883 + -230000?
-228006
In base 10, what is -3 + 919264?
919261
In base 2, what is -1100111100011111010111 + -101?
-1100111100011111011100
In base 2, what is 1010 + -100000101000101100101001?
-100000101000101100011111
In base 5, what is 104420 + 33422402?
34032322
In base 15, what is 3 + 35dd9?
35ddc
In base 14, what is 49934583 - -2?
49934585
In base 7, what is -1 - 45124305?
-45124306
In base 8, what is 4620412622 - 1?
4620412621
In base 8, what is 1232300621 - 2?
1232300617
In base 4, what is -13013231 + 10132?
-13003033
In base 14, what is 1d4b0 - -188c?
20d5c
In base 14, what is -19 - 2b606?
-2b621
In base 9, what is 155378 + -144?
155234
In base 5, what is -3422233 - 1121?
-3423404
In base 8, what is 364 - -174222?
174606
In base 3, what is -12 - 111022201020120?
-111022201020202
In base 11, what is -34593360 + 3?
-34593358
In base 16, what is 32 - 3323d?
-3320b
In base 16, what is -1 + 18626ba?
18626b9
In base 9, what is 224865 + 202?
225167
In base 7, what is 31250245 + 41?
31250316
In base 16, what is -709f8 - 1?
-709f9
In base 4, what is -1 - 212210010312?
-212210010313
In base 16, what is 6 - 2076d?
-20767
In base 9, what is -2003828 - -2?
-2003826
In base 15, what is c534 - a3?
c481
In base 16, what is -1aa3 + 18f?
-1914
In base 4, what is 10013 + -20200122?
-20130103
In base 2, what is 1000100 - 10010111100110111100?
-10010111100101111000
In base 10, what is -6079 - -1177?
-4902
In base 8, what is -3715333 - -41?
-3715272
In base 16, what is 0 + -ad9f2?
-ad9f2
In base 3, what is 11 - 10101001100201?
-10101001100120
In base 7, what is -34400 - -442?
-33625
In base 12, what is -3aa287 + 7?
-3aa280
In base 2, what is -111111011100 - -111001110101110?
110001111010010
In base 9, what is 75234 + -756?
74367
In base 4, what is 100110313 - 13310?
100031003
In base 14, what is 541 - -7c64d?
7cb90
In base 2, what is -1011001010101000110010001 + 10?
-1011001010101000110001111
In base 10, what is -304905 + 0?
-304905
In base 2, what is 11111001010010011010100111 + 110?
11111001010010011010101101
In base 10, what is 77370397 - -11?
77370408
In base 7, what is -10310 - 10552?
-21162
In base 10, what is -5 - 2403914?
-2403919
In base 7, what is 4 + -124631503?
-124631466
In base 8, what is 1146043 + 1041?
1147104
In base 9, what is 307105274 + -5?
307105268
In base 6, what is -3 - 244533040?
-244533043
In base 10, what is -11425 + 5863?
-5562
In base 6, what is 0 - 5300133043?
-5300133043
In base 13, what is 25123 + 1180?
262a3
In base 15, what is -7 - 365d793?
-365d79a
In base 13, what is -10 + 2ab3519?
2ab3509
In base 11, what is 214 + -7807?
-75a3
In base 5, what is 40 + 1433424?
1434014
In base 11, what is 5 - -55aa7919?
55aa7923
In base 5, what is 31330312202 + 10?
31330312212
In base 7, what is -1333631 - -20401?
-1313230
In base 3, what is -10000211002 + -1000122?
-10001211201
In base 5, what is 32342201421 + -4?
32342201412
In base 16, what is -5 - -a1c882?
a1c87d
In base 15, what is 4 - -3c815b?
3c8160
In base 15, what is -4be43 + 327?
-4bb1b
In base 2, what is -1011110100010001011100010 + -100?
-1011110100010001011100110
In base 5, what is 10024 - -11142?
21221
In base 2, what is 111100100111001011000 - 10100001?
111100100110110110111
In base 3, what is -1011202210112 + -221201?
-1011210202020
In base 8, what is -2 - 460561166?
-460561170
In base 9, what is -8 + 8783712?
8783703
In base 15, what is 375008 + c?
375015
In base 10, what is -12 + 176869?
176857
In base 14, what is 4685b65 - -7?
4685b6c
In base 15, what is -2bb5 - -731?
-2484
In base 3, what is 11102001 + 120001220?
201110221
In base 12, what is -7 + -4a55543?
-4a5554a
In base 15, what is -21e + -2add?
-2d0c
In base 4, what is 1 + 1111120202231?
1111120202232
In base 3, what is -12011220002 + 22011?
-12011120221
In base 4, what is 1 + -220033022100?
-220033022033
In base 3, what is -101 + -1210000221011010?
-1210000221011111
In base 2, what is 110100110101 - -110111100?
111011110001
In base 7, what is -2222452340 + 2?
-2222452335
In base 9, what is -1168 - -811346?
810167
In base 2, what is 11011000001000 + 11111011?
11011100000011
In base 16, what is 3 - -dd02d3?
dd02d6
In base 14, what is -306 - -1b80a?
1b504
In base 6, what is -12221351 + 24?
-12221323
In base 15, what is 23 + -956a38?
-956a15
In base 3, what is -2102200 - 212002110?
-221112010
In base 14, what is bc33118 + -5?
bc33113
In base 11, what is 5a6522 + 425?
5a6947
In base 4, what is -130232322322 + -2?
-130232322330
In base 9, what is 84203642 - 12?
84203630
In base 14, what is -652 - 50b3?
-5725
In base 10, what is -833883657 + -1?
-833883658
In base 10, what is -6764 + -8?
-6772
In base 11, what is -784989 + 13?
-784976
In base 6, what is -24 + 4313143235?
4313143211
In base 10, what is 399 - 20746?
-20347
In base 9, what is -2 + -66817266?
-66817268
In base 15, what is c250d5 - 3?
c250d2
In base 8, what is -21 - -1220473?
1220452
In base 7, what is 5104556315 + 6?
5104556324
In base 3, what is -1101200210100101 - 1?
-1101200210100102
In base 6, what is -44354 - -11444?
-32510
In base 12, what is 17 + -888a1a9?
-888a192
In base 9, what is -58771122 + -3?
-58771125
In base 16, what is -fd69 + -4e?
-fdb7
In base 15, what is -4b - 8ee2?
-903d
In base 11, what is 17935073a + 5?
179350744
In base 5, what is -243 + -1114140100?
-1114140343
In base 15, what is 2 - 3346a74?
-3346a72
In base 5, what is 3101334 - 122?
3101212
In base 2, what is 100101010101100011110000110010 + 101?
100101010101100011110000110111
In base 5, what is -1232211 - -2142?
-1230014
In base 7, what is 121514 + -4610?
113604
In base 12, what is 1491b + -23?
148b8
In base 14, what is 2b59 + 25d5?
5350
In base 6, what is 1003023 + -445?
1002134
In base 12, what is 4a127a + -1a?
4a1260
In base 15, what is d8e - -1601?
2490
In base 4, what is 1020303 - 201011120?
-133330211
In base 10, what is -6906143 + 2?
-6906141
In base 2, what is 100100010110110110001110 - -1?
100100010110110110001111
In base 9, what is -627316 + 68?
-627237
In base 10, what is -994185 - 192?
-994377
In base 13, what is 3aba8a45 - 0?
3aba8a45
In base 13, what is 4a89 - -25022?
29aab
In base 3, what is 10 - -20100022101100?
20100022101110
In base 7, what is -2522124362 - 4?
-2522124366
In base 3, what is -1011010111010 - -1012?
-1011010102221
In base 3, what is -2210100100011220 - 2?
-2210100100011222
In base 5, what is 102 + -402323300?
-402323143
In base 3, what is -11102210 + 101112?
-11001021
In base 7, what is 0 - -351320220?
351320220
In base 16, what is 4 + -11b3143?
-11b313f
In base 7, what is 1221 - -332320?
333541
In base 10, what is 0 + -907543?
-907543
In base 14, what is 15 - 279a8?
-27993
In base 12, what is -6a + 65516?
65468
In base 7, what is -231 - -16653446?
16653215
In base 6, what is -4521350 - -1002?
-4520344
In base 4, what is 2331010221 - 3011?
2331001210
In base 12, what is -146990 - 4?
-146994
In base 2, what is -10000101 - 10000000100100110?
-10000000110101011
In base 14, what is 2 - 10ba0804?
-10ba0802
In base 10, what is -368122 + -151?
-368273
In base 7, what is -12506132 - -306?
-12505523
In base 16, what is -a060b1 - 4?
-a060b5
In base 12, what is -1b - 2a25?
-2a44
In base 7, what is -16262233 + -2?
-16262235
In base 3, what is -11121011002021 + 2200?
-11121010222121
In base 11, what is -19147365 + 0?
-19147365
In base 16, what is 4ba67 + 98d?
4c3f4
In base 10, what is 111242